0*f, -2*c - 15 = -f. Let k(q) = 2*q. Let m be k(1). Let s(o) = 5*o**2 + 3 + 4*o - 4*o**2 - m. Give s(c).
6
Let z(b) be the third derivative of b**6/120 + 7*b**5/60 + 5*b**4/24 - 21*b**2. Determine z(-6).
6
Let m(s) = -s**3 - s - 11. Suppose 4*d = -0 + 4. Let h(i) = -i**2 + i. Let f be h(d). What is m(f)?
-11
Suppose -9 + 1 = -4*r. Suppose -r*a - 5 = -7*a. Let k(i) = a - 2*i**2 + 3*i**2 - 2*i**2 + i. What is k(3)?
-5
Let f(y) = -y + 3. Let s be (-2)/(-9) - 312/(-54). Let x be (12/10)/(s/20). What is f(x)?
-1
Suppose -u - 4*m = -15, 0 = -3*u - m + 7 + 5. Let b(a) = -3*a**2 - u*a**3 + 3*a + 2*a**3 - 1 + 6*a**2 - 3. Calculate b(3).
5
Let y(x) = 2*x**2 - x. Suppose 5 + 5 = 2*s. Suppose s*t - 5 = 5. Suppose 4*l - t = 2*l. What is y(l)?
1
Let q(b) = 5*b + 1. Let y(t) = 16*t + 8. Let i = -15 - -9. Let d(a) = -15*a - 9. Let k(c) = i*y(c) - 5*d(c). Let u(p) = -2*k(p) - 9*q(p). Determine u(-3).
6
Let w(x) = -x**2 - 3. Suppose -2*o + 4*o = 5*q + 10, 2*q + 4 = 0. Determine w(o).
-3
Let y(r) = -r**3 - 5*r**2 - 7*r - 6. Let h be y(-4). Let o(z) be the first derivative of z**3/3 - 7*z**2/2 + 9*z + 10. Give o(h).
3
Let m(i) = 3 + 0*i + 2*i**2 - 5*i**3 - 2*i - 2. Suppose 4*z = -0*z - 4. Let y be (-2 + 1)/1*z. Calculate m(y).
-4
Let z = -45 - -47. Let r(k) = -k**2 - 2*k. What is r(z)?
-8
Let j(b) = 7*b - 1. Suppose 3*q = -4*y + 11, 0 = 2*q + 3*q - 5*y + 5. Give j(q).
6
Let z(p) be the third derivative of -11*p**6/120 - p**4/12 - p**3/6 + 21*p**2. Determine z(-1).
12
Let a(m) = 2*m**3 + 2*m**2 + 5*m - 4. Let x(r) = 3*r**3 + 4*r**2 + 10*r - 8. Let k(t) = 5*a(t) - 3*x(t). What is k(3)?
-2
Let s(w) be the third derivative of w**8/1680 - w**7/1260 + w**5/120 + w**4/12 - 9*w**2. Let j(o) be the second derivative of s(o). Calculate j(-1).
-5
Let m(j) = 5*j - 4*j - 1 - 1. Let t(g) = -3*g**2 + 3*g - 4*g + 4*g**2 + 3 + g**3 + g**2. Let z be t(-3). What is m(z)?
-5
Suppose 0 = 4*p + p + 65. Let t = p + 9. Let b(m) = m**2 + 4*m + 6. Determine b(t).
6
Let p be 3*2 - 2 - 1. Let o(r) = -2*r**2 + 10 + 0*r**2 - r**p - r**2 - 6 + 3*r. Determine o(-3).
-5
Let v be 0*(-18 + 22 - (-14)/(-4)). Let u(x) = -x - 9. Give u(v).
-9
Let i(a) = 5*a**3 + 2*a**2 + 10*a + 4. Let b(f) = -9*f**3 - 4*f**2 - 19*f - 7. Let d(m) = 6*b(m) + 11*i(m). Let q be (3 - -3) + -3 + 0. What is d(q)?
-1
Let o(y) be the first derivative of y**6/120 + y**5/15 - y**4/4 - y**3 + y**2 + 3. Let c(n) be the second derivative of o(n). What is c(-5)?
-1
Let f be (4/(-6))/(5/15). Let o be f + 5/(10/8). Let p(d) = d + 1 - o*d**2 + 4*d**2 - 2*d + 2*d. Give p(-1).
2
Let l(i) = -6 - 966*i + 965*i + 25. Give l(0).
19
Let z(q) = -3*q + 13. Suppose 4*a = 7*a + 39. Let d(u) = -u + 2*u - 6 + 0*u. Let m(t) = a*d(t) - 6*z(t). What is m(-1)?
-5
Let y(z) = z**3 + 7*z**2 - 2*z - 9. Let t be y(-7). Suppose 1 + 9 = t*l. Let r(p) = 3*p**2 - 4*p + 3. Calculate r(l).
7
Let c(t) = t**2 - 5*t + 4. Suppose 2*n = -2*z + 24, -30 = -2*n - n + 3*z. Suppose 0 = -2*u - 3 + n. Suppose 4*p - 4 = -k, -3*k - 4*p = -u*k + 4. Give c(k).
0
Let j(u) = -u**2 - 8*u - 7. Let h(f) be the second derivative of 5*f**4/12 + 41*f**3/6 + 18*f**2 + 4*f. Let l(t) = -2*h(t) - 11*j(t). Give l(-4).
-3
Let t = 0 + 2. Let n(q) = -4*q + 7*q - t - 4*q. Give n(-2).
0
Suppose 0 = -c, 0 = 3*g - c + 2*c + 24. Let p(m) = -m**2 - 7*m + 3. Determine p(g).
-5
Let k(q) = q**2 + 7*q - 3. Let j(z) = 3*z - 26. Let f be j(6). Give k(f).
5
Let a(c) = -c**3 + 4*c**2 + 6*c - 3. Let w be a(5). Let h(r) be the first derivative of 4*r - 2*r**2 - r + r**w - 2. Give h(-3).
9
Suppose 9*i - 6*i + 12 = 0. Let g(t) = -2*t - 2. What is g(i)?
6
Suppose 0 = 3*i - 4*h - 5, -4*h = 5*i - 29 + 10. Let q(k) = -3*k - 2*k - k**i - 3 + 2*k + 5*k**2. Give q(3).
6
Let v(k) = -k**2 + 7*k - 5. Let m be (-15 + 13)/(2/(-5)). Calculate v(m).
5
Suppose x - 4*r - 3 = 0, 8*r = 3*x + 4*r - 17. Let s(q) = -q**2 + 7*q - 1. Calculate s(x).
-1
Let b(u) = -u - 10. Let g be b(-7). Let h(w) = -6*w + 2. Calculate h(g).
20
Let t(u) be the first derivative of 1/4*u**4 + 2*u**2 - 2*u**3 + u + 1. Give t(5).
-4
Let l(w) = -w**3 + 6*w**2 + 6. Let y be l(6). Let h(o) = -5*o**3 + y*o**3 - 1 - 3*o**2 - 5*o - o**2. Give h(5).
-1
Let b(c) be the second derivative of 5*c**3/6 - c**2/2 + 4*c. Determine b(-2).
-11
Let f(d) = 3*d + 1. Let z(y) = y**3 + y - 4. Let k be z(0). Calculate f(k).
-11
Let n(j) = -2*j + 4. Let m(d) = d**2 + 6*d - 1. Let o be m(-5). Let a be (-6)/((-4)/12*o). Give n(a).
10
Suppose 0*b - 4 = -b + h, -h - 16 = -4*b. Suppose -b*y = 14 - 2. Let l(v) = v - 4. Give l(y).
-7
Let t(s) be the first derivative of -1 + 0*s - 1/2*s**2. Give t(2).
-2
Let q(h) = 5*h. Let d(i) = i + 1. Let z(a) = -4*d(a) + q(a). Determine z(0).
-4
Let o(f) = -f**3 + 3*f**2 + 7*f - 6. Suppose -4*b + 38 = 6. Let p be 13/2 + (-4)/b. Let y = p + -2. Give o(y).
6
Let l be ((-2)/3)/((-2)/(-15)). Let d(h) = -2*h - 7. Let n(r) = r + 4. Let t(m) = -3*d(m) - 5*n(m). Determine t(l).
-4
Suppose b = -4*b + 25. Let v be (2/(-9))/(8/(-72)). Let g(a) = -v*a - 4 + 8*a**2 - 9*a**2 + 8*a. Give g(b).
1
Let f(k) be the third derivative of -k**5/60 + k**4/4 + k**3/6 + 2*k**2 - 9*k. Suppose s + 5*q = -9, 3*s + 7 = 5*q + 40. What is f(s)?
1
Let t(i) = -i**3 + i**2 + i - 6. Let j(q) = 3 - 2*q + 0 - q**2 + 7*q - 7. Let x be j(4). Give t(x).
-6
Let l = -33 + 35. Let x(h) = -3*h**3 + h**2. Determine x(l).
-20
Let n(b) be the second derivative of -b**5/20 - b**4/4 + b**3/3 + 2*b**2 - 7*b. Give n(-4).
12
Suppose -r + 7 = 1. Suppose -q - 10 = -r*q. Let i(x) = -4 + x - q*x + 0*x. Give i(-4).
0
Let d(n) = -8*n**2 - 8*n + 2. Let u(g) = 7*g**2 + 7*g - 1. Suppose 7 = 3*y - 11. Let p(f) = y*u(f) + 5*d(f). What is p(-3)?
16
Let w(j) = j**3 - 6*j**2 - j + 6. Let l be 17/51 - 34/(-6). Determine w(l).
0
Let d(y) = 5*y**2 + 1. Let x = 3 + -4. Give d(x).
6
Let g(l) = -2*l + 5. Let q(t) = -12*t + 29. Let h(r) = 34*g(r) - 6*q(r). Calculate h(3).
8
Let h(l) = -2*l - 7. Let c be h(-8). Let r = 13 - c. Let a(w) = -w**2 + 5*w - 4. Calculate a(r).
0
Let s(q) = -q**2 - 11*q - 8. Suppose 5*g - 2*k + 61 = 0, -4*g - 8*k = -7*k + 41. Calculate s(g).
-8
Suppose 0 = -0*b + b. Suppose 2*w + w + 9 = b. Let k(h) = -h - 2. What is k(w)?
1
Let s(o) = 248*o - 121*o - 129*o. Give s(-2).
4
Let u = 13 - -3. Suppose -9*l = -4*l - 5*m, 0 = 4*m - u. Let z(x) = 2*x - 5. Calculate z(l).
3
Suppose -36 = 4*b - 2*k, -22 = 2*b + 3*k - 4. Let w = b + 6. Let j(c) = 2*c + 0 - c**2 - 4 - 7*c. Calculate j(w).
2
Let t(n) = -n**3 + 9*n**2 - 2*n + 13. Let f = 12 - 3. Determine t(f).
-5
Let w(a) = -2 + 0 - a + 10. Let c = 57 - 51. Give w(c).
2
Let k(s) = s**2 + 1. Let b(v) = 4*v**2 - 2*v + 4. Let z(r) = -b(r) + 2*k(r). Let n be -1 + 2 - 1/(-1). Calculate z(n).
-6
Let o(l) be the third derivative of 11*l**5/60 - l**4/24 - 13*l**2. Determine o(-1).
12
Let t(y) = -30*y**3 - 3*y**2 + 3*y + 5. Let s(n) = 14*n**3 + n**2 - n - 2. Let i(o) = -5*s(o) - 2*t(o). Give i(1).
-10
Let v(g) = g - 5. Let s(a) = a**3 + 5*a**2 + 3*a - 1. Let t be s(-4). Suppose -4*i + 2*z + 6 = -16, -i - t*z - 5 = 0. Calculate v(i).
-1
Let z(k) be the third derivative of -k**4/24 + 7*k**3/6 + k**2. Suppose 4*s = 58 - 38. Give z(s).
2
Let f(w) = 3*w + 4. Let k(q) = -q - 1. Let s(c) = -f(c) - k(c). Calculate s(5).
-13
Let z = 3 - 1. Let g be (6/5)/(z/40). Suppose -5*f = 3*r - 7*r - 4, -3*r - 3*f = -g. Let w(q) = -q**2 + 2*q - 1. Determine w(r).
-9
Let w be 414/54 - (-2)/(-3). Let o(f) = f - 10. Calculate o(w).
-3
Suppose -5*a = -0 - 25. Suppose a*v + 14 = 19. Let k(m) = -11*m**3 - m + 1. Calculate k(v).
-11
Let k be ((-3)/6)/(2/(-12)). Let c = -2 + k. Let z(q) = -7*q**2 + 4*q. Let u(m) = -m. Let p(f) = 3*u(f) + z(f). Determine p(c).
-6
Let u(o) = -6*o + 2*o + 3*o - 3. Give u(-8).
5
Let c be (-2)/(1*8/12). Let r = c + 7. Let w(m) = -m**3 + 5*m**2 - 7*m + 6. What is w(r)?
-6
Let u(t) = 5*t**3 - 7*t**2 + 11*t - 8. Let x(l) = -14*l**3 + 21*l**2 - 32*l + 23. Let v(n) = -11*u(n) - 4*x(n). What is v(6)?
2
Let z(s) = -s. Let o(p) = p**3 + p - 1. Let c be o(1). Let r be (1*(0 + -3))/c. Calculate z(r).
3
Let d(n) = -n**3 - n**2 + n + 2. Let w(j) be the first derivative of j**2/2 + 9*j - 1. Let p be w(-11). Determine d(p).
4
Let i(k) be the third derivative of k**6/10 + k**5/60 - k**3/6 - 47*k**2. Let f be 12/(-8)*2/3. Determine i(f).
-12
Let c(b) = -5*b**3 + b**2 + b + 1. Let